t l = v - i. Is l a multiple of 8?
True
Let j = -6 - 2. Let z be (-329)/2 - (-4)/j. Let t = 240 + z. Does 25 divide t?
True
Let u(f) = 127*f**2 + 16*f - 105. Does 21 divide u(5)?
True
Let z be 4*(3 + 11/(-2)). Suppose 4*g = 4*y - 12, -g - 7*y + 2*y = -9. Does 3 divide (g - 44)*4/z?
True
Let h(k) be the third derivative of 11*k**6/360 - k**5/120 + 2*k**3/3 + k**2. Let f(j) be the first derivative of h(j). Is 23 a factor of f(2)?
False
Suppose 4*a + a + 270 = 0. Let r be -3 + (-33 - (-1 - -1)). Let v = r - a. Does 6 divide v?
True
Let b = 3 + 4. Let t = -4 + b. Suppose -7 = -t*o + 3*z + 8, -2*o = -z - 8. Does 3 divide o?
True
Suppose 0*w = 2*w, -34 = -2*i + 2*w. Suppose 6*s - i = 7. Suppose s*b - 69 - 139 = 0. Is 17 a factor of b?
False
Let g(i) = -22*i + 32. Is 60 a factor of g(-4)?
True
Let x(b) = 3*b**3 + 22*b**2 - 51*b + 19. Let w(v) = 2*v**3 + 11*v**2 - 26*v + 10. Let n(t) = 5*w(t) - 3*x(t). Is n(9) a multiple of 27?
False
Suppose 2*o - 4*s - 6 = 18, -4*s - 30 = -3*o. Suppose o*w - 547 = 233. Does 25 divide w?
False
Suppose 4*m + 0 - 8 = 0. Suppose 207 = 3*p + 4*c, c = -3*p - m*c + 210. Does 5 divide p/3 + (-12)/(-18)?
True
Is 68*(1957/76 - (3 + 1)) a multiple of 55?
False
Suppose -26*a + 1087 + 1149 = 0. Does 17 divide a?
False
Let r(s) = -s**2 - 34*s - 29. Is 6 a factor of r(-31)?
False
Suppose 0 = 10*o - 89 - 121. Does 7 divide o?
True
Does 8 divide 223 + (-6)/(-27) + (-143)/117?
False
Suppose 2*o = 3*v - 1, 2*v + 3*o - 2 = 4*o. Let l(c) = 2*c - 4. Let i be l(v). Is (i - 1)/1 - -12 a multiple of 9?
False
Let i = -76 + 166. Is 10 a factor of i?
True
Let r be (210/(-25))/((-9)/(-30)). Let a = 69 + r. Is a a multiple of 12?
False
Let n = 100 - -394. Is n a multiple of 58?
False
Suppose -2*x - 20 = -5*v, -10 - 6 = 3*x - 4*v. Suppose x = 2*s - 5*s + 321. Is 22 a factor of s?
False
Let i be (-664)/(-56) - (-2)/14. Suppose -11*p = -7*p - i. Suppose p*v = -2*v + 20. Is 2 a factor of v?
True
Let l(x) = 2*x**2 + 19*x + 21. Let w be l(-9). Let o be w/(-24) + 38/4. Suppose r = 9 + o. Is 6 a factor of r?
True
Let r = 12 - 11. Let m(q) = -q + 3 + 1 + q**2 - r. Does 15 divide m(4)?
True
Let j(o) = -6*o - 26. Let z(n) = -n**2 + 14. Let x be z(-5). Is j(x) a multiple of 20?
True
Suppose -5*c = -2*d - 1281, 3*d = 8*d + 15. Is 34 a factor of c?
False
Let b = -207 - -390. Let s = -55 + b. Suppose s = 6*z - 4*z. Does 16 divide z?
True
Suppose 105 = 4*g + 1. Suppose -m = 4*m + 4*z - g, 3*z = -3*m + 18. Suppose s + m*o - 26 = 0, -3*o - 123 = -0*s - 3*s. Is 12 a factor of s?
True
Let v(x) = x**2 + 12*x - 9. Let u be v(-13). Suppose -2*n - u = -2. Does 7 divide (-110)/(-4) + n/(-2)?
True
Let l(v) = -2*v - 17. Let b be l(-10). Does 17 divide 9/(b*3/81)?
False
Let t(c) = 17 + 3*c - 3*c + 0*c**2 + c**2. Let a be t(-13). Suppose 2*i - 4*u - a = -0*u, 2*u = -3*i + 239. Is 21 a factor of i?
False
Is (-7)/(-1) + 5/(50/10240) a multiple of 8?
False
Suppose 5703 - 643 = 20*u. Is u a multiple of 22?
False
Suppose 171 + 54 = 3*n. Let q = -13 + n. Does 24 divide q?
False
Let h(s) = -14 - s + 2*s + 2*s + 0*s. Let k be h(10). Is 0 - 4/(k/(-172)) a multiple of 14?
False
Let g = 60 - -1. Let u = 17 + g. Is u a multiple of 14?
False
Suppose 28*b - 2089 = 11211. Does 25 divide b?
True
Let w(z) = 15*z**3 + z**2 + 19*z - 110. Is w(6) a multiple of 16?
True
Let d(v) = -2*v**2 - 26*v + 8. Is d(-5) a multiple of 44?
True
Let t(p) = -2*p**2 + 3*p - 3. Let u(z) = -z**2 + z. Let x(i) = t(i) - 3*u(i). Does 8 divide x(8)?
False
Suppose 2*w - 5*b - 2268 + 126 = 0, -5*b = w - 1071. Is w a multiple of 17?
True
Let q be ((-3)/7)/(7/(-49)). Suppose 7*p - q*p - 24 = 0. Is p/(-3) - (1 - 30) a multiple of 10?
False
Let p(j) = -4*j + 4. Let y be p(-2). Let g = y + -2. Suppose g*n - 32 = 8*n. Does 8 divide n?
True
Let g = -64 + 125. Is g a multiple of 9?
False
Let o(d) = 7*d**3 - 2*d**2 - 3*d + 6. Let j be o(3). Suppose 4*l = -5*x + 165, 6*l + j = 4*x + 2*l. Is 18 a factor of x?
False
Is 105 a factor of (4/7)/(50/191275)?
False
Is 40 a factor of ((-6)/(-9))/((-8)/36) - -563?
True
Let v(k) = -3*k + 4. Let y be v(-11). Let w(a) = a**2 + a + 72. Let r be w(0). Let p = r - y. Does 9 divide p?
False
Let r = 412 + -372. Does 4 divide r?
True
Let d = 642 + -423. Suppose -5*o + 3*n + d = 0, 4*n + 88 = 2*o - 8. Is o a multiple of 7?
True
Suppose -5 = -h, -3*z + 3*h = -7341 - 3954. Is z a multiple of 130?
True
Suppose -30*z - 38*z + 30804 = 0. Is 84 a factor of z?
False
Let g = 6 - 5. Let c = g + -1. Suppose c = 4*k + 4*u - 112, -4*u + 52 = 2*k - u. Is 14 a factor of k?
False
Is 2 a factor of 4 + 1*(-1 + -1)*-49?
True
Let i(a) = 4*a**2 + 11*a - 40. Is 50 a factor of i(22)?
False
Let t(q) = 1 - 3*q**2 - 2*q**2 + 10*q**2 - q**2. Is 11 a factor of t(2)?
False
Suppose 0 = -3*p - 8177 + 1373. Is p/(-98) + (-2)/14 a multiple of 23?
True
Let j be 16/40 + 46/10. Suppose -j*g + 2*g = -45. Does 15 divide g?
True
Let s be 0/2 - (-3)/(6/(-8)). Is 14 a factor of (210*s/(-32))/((-3)/(-16))?
True
Let b = 695 + 33. Is 52 a factor of b?
True
Let c(j) = j**3 + 10*j**2 + 2*j - 11. Let u(h) = -3*h**2 - 14*h - 4. Let f be u(-5). Is c(f) a multiple of 21?
False
Suppose -g = -2*c + 3*g + 132, 4*c - 294 = 2*g. Does 38 divide c?
True
Suppose -6*i = -8*i - 6, -3*i = 5*c - 1286. Is c a multiple of 37?
True
Let n(w) = -10*w. Let r be (2/6)/((-6)/(-54)). Suppose -r - 3 = 3*p. Does 13 divide n(p)?
False
Is -5 + 2 + 85 + -2 a multiple of 80?
True
Let l(g) = -g - 6. Let u be l(-8). Let d(s) = -2 - 2*s**u - 5 + 4*s + 8 + 4*s**2. Is 18 a factor of d(-5)?
False
Let p(m) = -m**3 + 6*m**2 - 3. Suppose 5 + 1 = 2*l. Let y be p(l). Let z = y + -3. Is z a multiple of 8?
False
Let w = -51 - -262. Does 38 divide w?
False
Let r be (3 + -1)/(-2) - -4. Suppose -r*g + 29 + 55 = 0. Is (-8)/g - 72/(-7) a multiple of 10?
True
Let g(p) = -p**2 + 9*p - 10. Let f be g(6). Suppose -4*r - 3*m + 433 = 0, -f*r + 3*r = -3*m - 575. Is r a multiple of 16?
True
Suppose -g + 1353 + 1648 = v, -5*v = -20. Does 11 divide g?
False
Let m = 3 + -1. Suppose 0 = -889*h + 887*h + 10. Suppose -m*j = u - 22, 42 = h*j + 4*u - 16. Does 5 divide j?
True
Let i = 153 + -179. Let f(o) = -o**3 - 28*o**2 - 53*o - 1. Is f(i) a multiple of 2?
False
Let i(q) = 9*q**2 + 52*q + 1. Does 5 divide i(-7)?
False
Suppose 26*r = 56641 - 13429. Does 58 divide r?
False
Let q(o) = o**2 - 2*o - 3. Let n be q(-9). Suppose -4*i + n = -348. Is 37 a factor of i?
True
Suppose 6*x = 5 + 13. Suppose -54 = -x*z + 2*z. Does 18 divide z?
True
Let w(t) be the first derivative of 21*t**2 - 2*t - 3. Is w(1) a multiple of 3?
False
Let y(s) = -33*s**2 - s + 1. Suppose -4*v + 2 = -p - v, -2*p - 2*v + 4 = 0. Let t be y(p). Let n = t - -97. Does 32 divide n?
True
Suppose -210 = -6*t - 8*t. Is 19 a factor of ((-18)/t)/(12/(-2910))?
False
Let g = 2797 - 1808. Is g a multiple of 43?
True
Suppose -3*i = -5*j - 40, -3*j + 15 = 5*i - j. Suppose i*c - 137 - 803 = 0. Does 47 divide c?
True
Let p(q) = -q**3 + 13*q**2 - 12*q + 4. Let x be p(12). Suppose 0 = 2*u + a + 2*a - 28, a + 84 = x*u. Is u a multiple of 10?
True
Suppose d - 5*d = 0, 0 = -4*k + 2*d - 52. Does 18 divide (4/6 + 0)*(-2457)/k?
True
Suppose -i = 2*j + 2*j + 55, 3 = 3*i. Is 23 a factor of (1*112)/(j/(-14))?
False
Let n(i) = -i**3 + 5*i**2 + 8*i + 5. Let x(m) = 0*m + 2*m + 0*m - 3*m + 13. Let j be x(7). Is n(j) a multiple of 4?
False
Let k = -55 + 44. Let j(g) = 5*g**2 + 30*g - 14. Is 29 a factor of j(k)?
True
Suppose -8 = -y - 3*p, 0 = y - p - 2*p - 2. Suppose -2*q + 175 = -0*q + 5*s, -3*q + y*s = -250. Is 9 a factor of q?
False
Let m(r) = r**2 + 7*r + 19. Let f be m(-8). Suppose 5*l - f = -c, 5*c + 0*c - 225 = 5*l. Is 14 a factor of c?
True
Let n(w) = w**2 - 3*w - 6. Let u be n(-2). Suppose 19 = u*c - 13. Is c a multiple of 2?
True
Suppose 4*j - 4*q = 200, -5*j - 2*q + 205 = 2*q. Is j a multiple of 27?
False
Let o be 43/9 - (-16)/72. Suppose -4*j + 4*t = 252, -80 + 335 = -4*j + o*t. Let a = j - -108. Is 16 a factor of a?
True
Let z = -89 + 94. Suppose 3*l + 3 = 2*l, -31 = -z*g + 2*l. Does 4 divide g?
False
Let h(m) = m**2 + 14*m - 42. Is 3 a factor of h(3)?
True
Suppose -1586 + 9626 = 15*g. Is g a multiple of 15?
False
Suppose 0 = 3*y - 12. Suppose -y*c = -u - 109, -4*u - 29 + 133 = 4*c. Is 22 a factor of c/6*220/15?
True
Suppose i + 60 + 37 = 0. Suppose 4*s =